 11*u**3 - 5*u**2 + 3*u - 1. Let o(x) = -69*x**3 + 32*x**2 - 19*x + 7. Let v(j) = 3*o(j) + 19*y(j). Let k be 3 - (-1 - -4) - 2. Determine v(k).
-10
Suppose 0 = -4*z + j + 25 + 19, -4*z - j + 36 = 0. Suppose 2*x = z + 2. Let n(v) be the second derivative of v**4/12 - v**3 - 2*v**2 - 410631*v. Determine n(x).
-4
Let j(o) = 2*o + 14. Let q(l) = 2*l**2 - 2*l - 10. Suppose -15*y - 13*y = -31*y. Let d be q(y). Give j(d).
-6
Let d(n) = -n**2 - 3*n + 2. Let z = -78 + 78. Suppose 3*m + 15 = z, 2*m = -4*i + 118 + 108. Let w = -64 + i. Calculate d(w).
-8
Let j(z) = -z + 3*z - 1 - 2*z + z. Let k be j(2). Let x(b) = 5*b**2 + 2*b - 1. Let s be x(k). Let f(d) = -d**3 + 6*d**2 - 2*d + 2. What is f(s)?
-10
Suppose -1339*b = -1331*b - 8. Let p(g) = -82*g**3 + 2*g**2 - g. Determine p(b).
-81
Let k(s) = -s**3 + 7*s**2 + 7*s + 7. Suppose 2*n - 2 = 12. Let d be (n/(70/32))/(10/25). Let t be k(d). Let v(a) = -8*a - 1. Calculate v(t).
7
Let t(h) = -h**3 - 2*h + 3*h**2 - 3*h**2 - 6 + h**2 + h. Let z = 1221 - 1221. Calculate t(z).
-6
Let b(z) be the third derivative of z**5/60 - 5*z**4/8 + 2*z**3/3 - 37*z**2 + z. Suppose -41 = -h - 26. Calculate b(h).
4
Let v(y) = 5*y - 1. Let s be (2/(-3))/((-4)/(-30)). Let o(t) = 6*t + 1. Let w(r) = s*v(r) + 4*o(r). Determine w(6).
3
Let g(b) = -2*b + 20. Let p(l) = 2*l - 19. Let n(r) = -3*g(r) - 4*p(r). Suppose -12*o + 53 + 36 = -7. Give n(o).
0
Suppose 389*w + 5 = 384*w + 3*b, -3*w - 5*b = -31. Let z(q) be the second derivative of q**2 + 1/3*q**3 - 1/12*q**4 + q + 0. What is z(w)?
2
Let g(w) = -w**3 + 8*w**2 - 8*w + 10. Suppose 0 = 3*p - 4 - 2. Let o be 60/(-9)*(1 + (-23)/p). Let h be ((-2)/4)/(15/o)*-3. Give g(h).
3
Suppose -3*p - 246 = -726. Let s be (-31)/5*-1 - 32/p. Let l(a) = -a**3 + 4 + 2*a**3 + s*a**2 + 2*a - 2*a**3 - 3*a. Determine l(6).
-2
Let l(b) = -b - 4. Suppose -q = v + 13, -2*v + 7*v + 69 = -4*q. Let i be (-1 - -1)*v/(-34). What is l(i)?
-4
Let q(m) = -m + 2. Suppose h + 5 = 6*h. Let z(r) = 7*r - 10. Let x(f) = h*z(f) + 6*q(f). Give x(-1).
1
Suppose -129 = h - 134, -2*x + 5*h - 33 = 0. Let c(i) be the third derivative of -i**5/20 - 5*i**4/24 + i**3/3 - i**2. Determine c(x).
-26
Let v(u) = 7*u**2 - u + 1. Let c(g) = -39*g**2 + 13*g - 12. Let o(j) = c(j) + 6*v(j). What is o(2)?
20
Let b(g) = -8*g**2 + g + 1. Let q be b(-1). Suppose 9*h = -5*h + 8*h + 54. Let x be -1 - h/(18/q). Let t(r) = r**3 - 2*r**2 - 3*r - 1. Give t(x).
-1
Let l(i) be the second derivative of -i**3/6 + 17*i**2 - 162*i. Determine l(33).
1
Let z(n) = -208*n**2 - 6*n - 6 + 74*n**2 + 191*n**2. Give z(-1).
57
Let s(t) = 90*t - 2. Let v(u) = 26*u - 1. Let i(f) = -2*s(f) + 7*v(f). Determine i(6).
9
Let o(m) be the first derivative of -21/2*m**2 + 0*m + 1/2*m**3 + 1/24*m**4 - 16. Let z(r) be the second derivative of o(r). Give z(-3).
0
Let f(c) = -c**2 - 22*c + 18. Let y be f(-22). Let i(d) = -3*d**3 + y*d**2 - 7*d + 4*d**3 - 7 - 26*d**2 + 13*d**2. Calculate i(-6).
-1
Suppose 4*y - 734 - 2214 = 0. Let b(a) = 9 + 738*a - 1474*a + y*a. Calculate b(-4).
5
Let l(k) = -9*k + 78. Let f = -6064 - -6073. Determine l(f).
-3
Let o(z) = 4*z. Let h(l) = 40*l**2 - 9*l - 13. Let y be h(-2). Suppose 0 = -0*j + 3*j + y. Let i be (-4)/10 + 33/j. Calculate o(i).
-4
Suppose -2*r = -5*v + 2, -5*r - 6 = -v - 24. Let c(q) = 2*q - 4. Give c(r).
4
Let u(v) = -v**3 - 35*v**2 + 72*v - 82. Let d = -9422 + 9385. What is u(d)?
-8
Let n(q) = q**2 - 24*q - 12. Let a be n(24). Let x be (972/a)/(-9)*(-1)/3. Let u(t) = -t**2 + t + 4. What is u(x)?
-8
Let q = 27 - 29. Let c be (8/(-24))/(q/12). Let k(i) = i**c - 11 + 12 - 2*i**3 - 2*i**2. Determine k(-1).
2
Let y(v) = -2*v**3 + 17*v**2 + v + 65. Let w be y(9). Let o(r) = 21*r + 66. What is o(w)?
-81
Let a(g) = 9*g - 14*g + 30 + g - 102. Let x be a(-17). Let t(v) = -v - 2. Determine t(x).
2
Let h(y) be the first derivative of -y**4/4 + y**3/3 + y**2/2 - 3*y - 7280. What is h(-2)?
7
Let g = -19 + 19. Suppose 3*t = -2*p - 0 + 1, 2*t + 6 = 2*p. Suppose -a - 5 + p = g. Let l(y) = 4*y - 3. Give l(a).
-15
Let y(z) = 4 - 7 + 10*z - 4 + 0 + 2. Let x(c) = 5*c - 1. Let r(a) = -5*x(a) + 2*y(a). Determine r(-4).
15
Let l(u) = -u**2 - 5*u - 4. Suppose -26*r - 154 = -50. Let j be (9 + -9)/(-3 - -1) + r. Calculate l(j).
0
Suppose 3*f = -17 + 23. Let i(m) = f*m + 57 - 115 + 66. Calculate i(-7).
-6
Let w(x) = -x**2 + x + 6. Suppose -22050 = 4*u - 22058. What is w(u)?
4
Suppose 5*w = -2*j - 7, -w - 11 = -4*j + 5*j. Let x be (-158)/j - (-6)/48. Suppose x*f + 4 = 11*f. Let g(n) = n**2 - 4*n - 3. What is g(f)?
-3
Let c(u) be the second derivative of u**3 + u**2/2 + 30*u. Let x = 40 - 38. Suppose -2*p + 4 = x*p. Calculate c(p).
7
Let d(u) = -23*u + 1. Let k(a) = a**2 + 5*a - 2. Let g be k(5). Suppose y = -g + 47. What is d(y)?
24
Let z = -260 - -264. Let r(q) = 327 + 332 + z*q - 652. Give r(-5).
-13
Let i(w) = 26923806*w + w**2 + 50 - 26923799*w - 2*w**2. Determine i(11).
6
Let j(z) = -2*z - 1. Suppose d + 1 = -3*y - 0*y, -3*d + 8 = -2*y. Let h(f) = -f**2 + 7*f + 1. Let q(i) = y*h(i) - 2*j(i). Determine q(3).
1
Let f = -122 + 128. Let x(h) = -3*h**2 + 15*h - 2. Let p(z) = 3*z - 4*z**2 + 3*z**2 + 7*z - 5*z - 1. Let j(o) = 7*p(o) - 2*x(o). Calculate j(f).
-9
Let s(x) = -2*x**3 - 2*x**2 + 3 - 2*x**3 + 5*x**3 - 2*x. Let l be ((-30)/(-25))/((-9)/(-15)). Suppose 4*u + 6 = -5*y, 9*y + l*u = 13*y - 16. What is s(y)?
-1
Suppose -7*g + 27 = 13. Let k(v) = -v**g + v + v**2 - 6*v**2 + 4*v**2. Calculate k(2).
-6
Let p(w) be the second derivative of -1/12*w**4 + w**2 - 1/3*w**3 + 0 + 11*w. Suppose -3 = -2*y + 2*t + 7, 2 = 4*y + 2*t. Give p(y).
-6
Let b(x) be the second derivative of -x**3/3 + 4*x**2 - 619*x. Calculate b(5).
-2
Suppose -4*c - 9*a = -12*a + 12, 0 = -12*c - 2*a - 80. Let u(s) = s**3 + 6*s**2 + 3*s - 3. Give u(c).
-21
Let f(k) = -3*k + 6. Let x = 443 - 308. Let o = 137 - x. Calculate f(o).
0
Let i(a) = 1 - 3 + 298*a - 289*a - 1 + 7. What is i(-5)?
-41
Let x = -486 + 489. Let a(c) = x - 3*c**2 - 70*c - 60*c + 2*c**2 + 135*c. Give a(7).
-11
Let p(i) = -5*i**3 - 8*i**2 + 51*i + 20. Let o(v) = -16*v**3 - 23*v**2 + 162*v + 60. Let b(m) = 4*o(m) - 13*p(m). What is b(-13)?
6
Let o(u) = -2*u - 3. Let h(m) = m + 4. Let l(g) = -4*h(g) - 5*o(g). Let b = 36 - 34. Suppose 2*q + b*q = 4*j + 12, 0 = q + 3*j + 13. What is l(q)?
-7
Let x(v) = -12*v**3 + 30*v**2 + 5*v - 6. Let u(w) = 5*w**3 - 12*w**2 - 2*w + 3. Let h(j) = -17*u(j) - 7*x(j). Give h(-6).
-3
Suppose -101*x = 102*x - 1076 - 751. Let n(w) be the second derivative of w**4/12 - 4*w**3/3 - 3*w**2 + w. Calculate n(x).
3
Let s(q) = -6*q**3 - 2*q**2 + 3*q + 4. Let m be s(-3). Let u(o) = -12*o + 138*o**3 + 13*o - 8 - m*o**3. Let c = -4 + 4. Give u(c).
-8
Let b = -360 + 362. Let m(p) = -12 + 3*p - 13 + 23 - b*p. Let i = -1 + 1. What is m(i)?
-2
Let y(x) = -11*x**3 - 22*x**2 + 38*x + 12. Let z(d) = -2*d**3 - d**2 + 3*d. Let h(a) = -y(a) + 5*z(a). Give h(-18).
78
Let l(h) = h**3 + 6*h**2 + 3*h - 4. Let u be l(-5). Suppose 11*m - u*m = 30. Let v(f) = 22 - 19 - 3*f + m*f. Give v(-5).
-12
Let q(p) = -2*p**3 - 14*p**2 - 8*p - 1. Let o = 19715 - 19720. Give q(o).
-61
Let r(u) be the second derivative of 16*u**3/3 + 37*u**2/2 + 6*u + 702. Give r(-1).
5
Let o(g) be the second derivative of -11*g**4/4 - 2*g**3/3 + 3*g**2/2 - 1326*g + 1. What is o(2)?
-137
Let v(h) = 2*h**3 + 7*h**2 - h + 23. Let w(b) = -54*b - 3082. Let r be w(-57). Give v(r).
11
Let k(f) = -f**2 - 31*f - 81. Let v be k(-28). Let o(r) = 5*r**2 + 32 - v*r**2 - 19 - 16. What is o(3)?
15
Let m(k) = 103 - 89*k + 137*k - 34*k. What is m(-8)?
-9
Let k(z) = -5*z + 20. Let p be -1 - -1 - (-2 - 5 - -3). What is k(p)?
0
Let l(v) be the third derivative of v**4/24 + 2*v**3/3 - v**2. Let y be -89 - (8 - (-12)/(-2)). Let r = -96 - y. What is l(r)?
-1
Let l(h) = 2*h**2 - h + 1. Suppose -2*f = -3*n + 2, -5*n + 0 + 8 = -f. Let x(k) = 0*k**2 - 3*k**n - 85 + 85. Let s(q) = 4*l(q) + 3*x(q). What is s(-4)?
4
Let m(q) be the second derivative of 35*q**4/12 + q**3/3 - q**2 + 7839*q. Give m(-2).
134
Suppose s + 469 = 2*s. Suppose -s + 326 = -13*i. Let b(n) = -2*n + 7. Calculate b(i).
-15
Let i(f) = -f**2 - 7*f + 4. Let a be i(-4). Suppose -4*w + 0*w + a = 4*t, -3*t = 5*w - 10. Let c(n) = -1 + 5 + 1225*n**3 - 1224*n**3 + n + n - 3. Give c(w).
-2
Let v be 58/(-8) - 27/(-108). Let j(w) = -3